{"id":523,"date":"2019-11-20T20:54:16","date_gmt":"2019-11-20T20:54:16","guid":{"rendered":"https:\/\/new.parcowilliam.it\/?page_id=523"},"modified":"2022-01-10T16:47:27","modified_gmt":"2022-01-10T16:47:27","slug":"s-a-s","status":"publish","type":"page","link":"https:\/\/parcowilliam.it\/index.php\/s-a-s\/","title":{"rendered":"S.A.S."},"content":{"rendered":"\n<style type=\"text\/css\" data-created_by=\"avia_inline_auto\" id=\"style-css-av-k3hgi708-b60d2c5b4f017bd41170bb15fe992c57\">\n#top .av-special-heading.av-k3hgi708-b60d2c5b4f017bd41170bb15fe992c57{\npadding-bottom:10px;\nfont-size:52px;\n}\n<\/style>\n<div  class='av-special-heading av-k3hgi708-b60d2c5b4f017bd41170bb15fe992c57 av-special-heading-h1 custom-color-heading blockquote modern-quote  avia-builder-el-0  el_before_av_textblock  avia-builder-el-first  av-inherit-size '><h1 class='av-special-heading-tag '  itemprop=\"headline\"  >S.A.S.<\/h1><div class='special-heading-border'><div class='special-heading-inner-border'><\/div><\/div><\/div>\n<section class=\"av_textblock_section \"  itemscope=\"itemscope\" itemtype=\"https:\/\/schema.org\/CreativeWork\" ><div class='avia_textblock  '   itemprop=\"text\" ><p><em><span style=\"color: #9e9e9e;\"><span style=\"font-family: inherit;\"><span style=\"font-size: small;\">Cenni sulla Societ\u00e0 Amatori Sch\u00e4ferhunde (S.A.S.)<\/span><\/span><\/span><\/em><\/p>\n<\/div><\/section>\n<div  class='hr av-kpj4z-906dee00973ad0361b59cde8e66c87c2 hr-default  avia-builder-el-2  el_after_av_textblock  el_before_av_three_fifth  '><span class='hr-inner '><span class=\"hr-inner-style\"><\/span><\/span><\/div>\n\n<style type=\"text\/css\" data-created_by=\"avia_inline_auto\" id=\"style-css-av-eav4j-be3d5dbcbb822527622abf12d0eaef65\">\n.flex_column.av-eav4j-be3d5dbcbb822527622abf12d0eaef65{\nborder-radius:0px 0px 0px 0px;\n-webkit-border-radius:0px 0px 0px 0px;\n-moz-border-radius:0px 0px 0px 0px;\n}\n<\/style>\n<div class='flex_column av-eav4j-be3d5dbcbb822527622abf12d0eaef65 av_three_fifth  avia-builder-el-3  el_after_av_hr  el_before_av_two_fifth  first flex_column_div av-zero-column-padding '   ><section class=\"av_textblock_section \"  itemscope=\"itemscope\" itemtype=\"https:\/\/schema.org\/CreativeWork\" ><div class='avia_textblock  '   itemprop=\"text\" ><p>La Societ\u00e0 Amatori Sch\u00e4ferhunde \u00e8 una societ\u00e0 specializzata che mira a svolgere ogni pi\u00f9 efficiente azione per migliorare, incrementare e valorizzare la razza del cane da Pastore Tedesco ed a potenziarne la selezione e l\u2019allevamento.<br \/>\nLa S.A.S. \u00e8 un ente senza scopo di lucro, con sede sociale in Modena ed \u00e8 presente in modo capillare su tutto il territorio nazionale, con organismi periferici divisi in regioni e sezioni. \u00c8 associata all\u2019E.N.C.I. (Ente Nazionale della Cinofilia Italiana), del quale osserva le norme e le direttive e con la quale organizza manifestazioni, ed alla W.U.S.V. (Unione Mondiale delle Associazioni del Pastore Tedesco).<br \/>\nLa S.A.S. nasce nel 1949, quando alcuni amici, tra i quali il Conte Leonardo Gatto Roissard ed il Prof. Ignazio Barbieri, costituiscono a Milano una Societ\u00e0 specializzata per la divulgazione del cane da Pastore Tedesco.<br \/>\nSolo nel 1969 la Societ\u00e0 decolla grazie al suo Presidente carismatico: Il Dr. Walter Gorrieri, che trasferisce la sede sociale a Modena e incrementa il numero di soci da 250 ai 6000 del 1981, anno della sua dipartita.<br \/>\nIl 13 febbraio 1977 in Modena viene costituita ufficialmente la moderna S.A.S. con l\u2019approvazione dello Statuto nel corso dell\u2019Assemblea dei Soci. <em>(fonte S.A.S.)<\/em><\/p>\n<\/div><\/section><\/div>\n<style type=\"text\/css\" data-created_by=\"avia_inline_auto\" id=\"style-css-av-agntf-2f30ab610eb14a4fcd94a7ca07deb4a9\">\n.flex_column.av-agntf-2f30ab610eb14a4fcd94a7ca07deb4a9{\nborder-radius:0px 0px 0px 0px;\n-webkit-border-radius:0px 0px 0px 0px;\n-moz-border-radius:0px 0px 0px 0px;\n}\n<\/style>\n<div class='flex_column av-agntf-2f30ab610eb14a4fcd94a7ca07deb4a9 av_two_fifth  avia-builder-el-5  el_after_av_three_fifth  avia-builder-el-last  flex_column_div av-zero-column-padding '   ><style type=\"text\/css\" data-created_by=\"avia_inline_auto\" id=\"style-css-av-k37s4aa9-57663bea90a4853761a9fcccff29088e\">\n.avia-image-container.av-k37s4aa9-57663bea90a4853761a9fcccff29088e .av-image-caption-overlay-center{\ncolor:#ffffff;\n}\n<\/style>\n<div  class='avia-image-container av-k37s4aa9-57663bea90a4853761a9fcccff29088e av-styling- av-hover-grow avia-align-center  avia-builder-el-6  avia-builder-el-no-sibling  '  itemprop=\"image\" itemscope=\"itemscope\" itemtype=\"https:\/\/schema.org\/ImageObject\" ><div class=\"avia-image-container-inner\"><div class=\"avia-image-overlay-wrap\"><img decoding=\"async\" class='wp-image-529 avia-img-lazy-loading-not-529 avia_image' src=\"https:\/\/parcowilliam.it\/wp-content\/uploads\/2019\/11\/logo-sas.jpg\" alt='S.A.S.' title='S.A.S.'  height=\"220\" width=\"185\"  itemprop=\"thumbnailUrl\"  \/><\/div><\/div><\/div><\/div><\/p>\n ","protected":false},"excerpt":{"rendered":"","protected":false},"author":1,"featured_media":529,"parent":0,"menu_order":0,"comment_status":"closed","ping_status":"closed","template":"","meta":{"footnotes":""},"class_list":["post-523","page","type-page","status-publish","has-post-thumbnail","hentry"],"yoast_head":"<!-- This site is optimized with the Yoast SEO plugin v26.5 - https:\/\/yoast.com\/wordpress\/plugins\/seo\/ -->\n<title>S.A.S. - Parco William | addestramento e pensione per cani a Lecce<\/title>\n<meta name=\"description\" content=\"La S.A.S. acronimo di Societ\u00e0 Amatori Sch\u00e4ferhunde \u00e8 un ente senza scopo di lucro che mira a valorizzare la razza del cane da Pastore Tedesco\" \/>\n<meta name=\"robots\" content=\"index, follow, max-snippet:-1, max-image-preview:large, max-video-preview:-1\" \/>\n<link rel=\"canonical\" href=\"https:\/\/parcowilliam.it\/index.php\/s-a-s\/\" \/>\n<meta property=\"og:locale\" content=\"it_IT\" \/>\n<meta property=\"og:type\" content=\"article\" \/>\n<meta property=\"og:title\" content=\"S.A.S. - Parco William | addestramento e pensione per cani a Lecce\" \/>\n<meta property=\"og:description\" content=\"La S.A.S. acronimo di Societ\u00e0 Amatori Sch\u00e4ferhunde \u00e8 un ente senza scopo di lucro che mira a valorizzare la razza del cane da Pastore Tedesco\" \/>\n<meta property=\"og:url\" content=\"https:\/\/parcowilliam.it\/index.php\/s-a-s\/\" \/>\n<meta property=\"og:site_name\" content=\"Parco William | addestramento e pensione per cani a Lecce\" \/>\n<meta property=\"article:modified_time\" content=\"2022-01-10T16:47:27+00:00\" \/>\n<meta property=\"og:image\" content=\"https:\/\/parcowilliam.it\/wp-content\/uploads\/2019\/11\/logo-sas.jpg\" \/>\n\t<meta property=\"og:image:width\" content=\"185\" \/>\n\t<meta property=\"og:image:height\" content=\"220\" \/>\n\t<meta property=\"og:image:type\" content=\"image\/jpeg\" \/>\n<meta name=\"twitter:card\" content=\"summary_large_image\" \/>\n<meta name=\"twitter:label1\" content=\"Tempo di lettura stimato\" \/>\n\t<meta name=\"twitter:data1\" content=\"3 minuti\" \/>\n<script type=\"application\/ld+json\" class=\"yoast-schema-graph\">{\"@context\":\"https:\/\/schema.org\",\"@graph\":[{\"@type\":\"WebPage\",\"@id\":\"https:\/\/parcowilliam.it\/index.php\/s-a-s\/\",\"url\":\"https:\/\/parcowilliam.it\/index.php\/s-a-s\/\",\"name\":\"S.A.S. - Parco William | addestramento e pensione per cani a Lecce\",\"isPartOf\":{\"@id\":\"https:\/\/parcowilliam.it\/#website\"},\"primaryImageOfPage\":{\"@id\":\"https:\/\/parcowilliam.it\/index.php\/s-a-s\/#primaryimage\"},\"image\":{\"@id\":\"https:\/\/parcowilliam.it\/index.php\/s-a-s\/#primaryimage\"},\"thumbnailUrl\":\"https:\/\/parcowilliam.it\/wp-content\/uploads\/2019\/11\/logo-sas.jpg\",\"datePublished\":\"2019-11-20T20:54:16+00:00\",\"dateModified\":\"2022-01-10T16:47:27+00:00\",\"description\":\"La S.A.S. acronimo di Societ\u00e0 Amatori Sch\u00e4ferhunde \u00e8 un ente senza scopo di lucro che mira a valorizzare la razza del cane da Pastore Tedesco\",\"breadcrumb\":{\"@id\":\"https:\/\/parcowilliam.it\/index.php\/s-a-s\/#breadcrumb\"},\"inLanguage\":\"it-IT\",\"potentialAction\":[{\"@type\":\"ReadAction\",\"target\":[\"https:\/\/parcowilliam.it\/index.php\/s-a-s\/\"]}]},{\"@type\":\"ImageObject\",\"inLanguage\":\"it-IT\",\"@id\":\"https:\/\/parcowilliam.it\/index.php\/s-a-s\/#primaryimage\",\"url\":\"https:\/\/parcowilliam.it\/wp-content\/uploads\/2019\/11\/logo-sas.jpg\",\"contentUrl\":\"https:\/\/parcowilliam.it\/wp-content\/uploads\/2019\/11\/logo-sas.jpg\",\"width\":185,\"height\":220,\"caption\":\"S.A.S.\"},{\"@type\":\"BreadcrumbList\",\"@id\":\"https:\/\/parcowilliam.it\/index.php\/s-a-s\/#breadcrumb\",\"itemListElement\":[{\"@type\":\"ListItem\",\"position\":1,\"name\":\"Home\",\"item\":\"https:\/\/parcowilliam.it\/\"},{\"@type\":\"ListItem\",\"position\":2,\"name\":\"S.A.S.\"}]},{\"@type\":\"WebSite\",\"@id\":\"https:\/\/parcowilliam.it\/#website\",\"url\":\"https:\/\/parcowilliam.it\/\",\"name\":\"Parco William | addestramento e pensione per cani a Lecce\",\"description\":\"Addestramento e pensione per cani a Lecce\",\"potentialAction\":[{\"@type\":\"SearchAction\",\"target\":{\"@type\":\"EntryPoint\",\"urlTemplate\":\"https:\/\/parcowilliam.it\/?s={search_term_string}\"},\"query-input\":{\"@type\":\"PropertyValueSpecification\",\"valueRequired\":true,\"valueName\":\"search_term_string\"}}],\"inLanguage\":\"it-IT\"}]}<\/script>\n<!-- \/ Yoast SEO plugin. -->","yoast_head_json":{"title":"S.A.S. - Parco William | addestramento e pensione per cani a Lecce","description":"La S.A.S. acronimo di Societ\u00e0 Amatori Sch\u00e4ferhunde \u00e8 un ente senza scopo di lucro che mira a valorizzare la razza del cane da Pastore Tedesco","robots":{"index":"index","follow":"follow","max-snippet":"max-snippet:-1","max-image-preview":"max-image-preview:large","max-video-preview":"max-video-preview:-1"},"canonical":"https:\/\/parcowilliam.it\/index.php\/s-a-s\/","og_locale":"it_IT","og_type":"article","og_title":"S.A.S. - Parco William | addestramento e pensione per cani a Lecce","og_description":"La S.A.S. acronimo di Societ\u00e0 Amatori Sch\u00e4ferhunde \u00e8 un ente senza scopo di lucro che mira a valorizzare la razza del cane da Pastore Tedesco","og_url":"https:\/\/parcowilliam.it\/index.php\/s-a-s\/","og_site_name":"Parco William | addestramento e pensione per cani a Lecce","article_modified_time":"2022-01-10T16:47:27+00:00","og_image":[{"width":185,"height":220,"url":"https:\/\/parcowilliam.it\/wp-content\/uploads\/2019\/11\/logo-sas.jpg","type":"image\/jpeg"}],"twitter_card":"summary_large_image","twitter_misc":{"Tempo di lettura stimato":"3 minuti"},"schema":{"@context":"https:\/\/schema.org","@graph":[{"@type":"WebPage","@id":"https:\/\/parcowilliam.it\/index.php\/s-a-s\/","url":"https:\/\/parcowilliam.it\/index.php\/s-a-s\/","name":"S.A.S. - Parco William | addestramento e pensione per cani a Lecce","isPartOf":{"@id":"https:\/\/parcowilliam.it\/#website"},"primaryImageOfPage":{"@id":"https:\/\/parcowilliam.it\/index.php\/s-a-s\/#primaryimage"},"image":{"@id":"https:\/\/parcowilliam.it\/index.php\/s-a-s\/#primaryimage"},"thumbnailUrl":"https:\/\/parcowilliam.it\/wp-content\/uploads\/2019\/11\/logo-sas.jpg","datePublished":"2019-11-20T20:54:16+00:00","dateModified":"2022-01-10T16:47:27+00:00","description":"La S.A.S. acronimo di Societ\u00e0 Amatori Sch\u00e4ferhunde \u00e8 un ente senza scopo di lucro che mira a valorizzare la razza del cane da Pastore Tedesco","breadcrumb":{"@id":"https:\/\/parcowilliam.it\/index.php\/s-a-s\/#breadcrumb"},"inLanguage":"it-IT","potentialAction":[{"@type":"ReadAction","target":["https:\/\/parcowilliam.it\/index.php\/s-a-s\/"]}]},{"@type":"ImageObject","inLanguage":"it-IT","@id":"https:\/\/parcowilliam.it\/index.php\/s-a-s\/#primaryimage","url":"https:\/\/parcowilliam.it\/wp-content\/uploads\/2019\/11\/logo-sas.jpg","contentUrl":"https:\/\/parcowilliam.it\/wp-content\/uploads\/2019\/11\/logo-sas.jpg","width":185,"height":220,"caption":"S.A.S."},{"@type":"BreadcrumbList","@id":"https:\/\/parcowilliam.it\/index.php\/s-a-s\/#breadcrumb","itemListElement":[{"@type":"ListItem","position":1,"name":"Home","item":"https:\/\/parcowilliam.it\/"},{"@type":"ListItem","position":2,"name":"S.A.S."}]},{"@type":"WebSite","@id":"https:\/\/parcowilliam.it\/#website","url":"https:\/\/parcowilliam.it\/","name":"Parco William | addestramento e pensione per cani a Lecce","description":"Addestramento e pensione per cani a Lecce","potentialAction":[{"@type":"SearchAction","target":{"@type":"EntryPoint","urlTemplate":"https:\/\/parcowilliam.it\/?s={search_term_string}"},"query-input":{"@type":"PropertyValueSpecification","valueRequired":true,"valueName":"search_term_string"}}],"inLanguage":"it-IT"}]}},"jetpack_sharing_enabled":true,"_links":{"self":[{"href":"https:\/\/parcowilliam.it\/index.php\/wp-json\/wp\/v2\/pages\/523","targetHints":{"allow":["GET"]}}],"collection":[{"href":"https:\/\/parcowilliam.it\/index.php\/wp-json\/wp\/v2\/pages"}],"about":[{"href":"https:\/\/parcowilliam.it\/index.php\/wp-json\/wp\/v2\/types\/page"}],"author":[{"embeddable":true,"href":"https:\/\/parcowilliam.it\/index.php\/wp-json\/wp\/v2\/users\/1"}],"replies":[{"embeddable":true,"href":"https:\/\/parcowilliam.it\/index.php\/wp-json\/wp\/v2\/comments?post=523"}],"version-history":[{"count":9,"href":"https:\/\/parcowilliam.it\/index.php\/wp-json\/wp\/v2\/pages\/523\/revisions"}],"predecessor-version":[{"id":1973,"href":"https:\/\/parcowilliam.it\/index.php\/wp-json\/wp\/v2\/pages\/523\/revisions\/1973"}],"wp:featuredmedia":[{"embeddable":true,"href":"https:\/\/parcowilliam.it\/index.php\/wp-json\/wp\/v2\/media\/529"}],"wp:attachment":[{"href":"https:\/\/parcowilliam.it\/index.php\/wp-json\/wp\/v2\/media?parent=523"}],"curies":[{"name":"wp","href":"https:\/\/api.w.org\/{rel}","templated":true}]}}